are the prime factors of 476401?
476401
List the prime factors of 4080851.
29, 109, 1291
What are the prime factors of 449209?
449209
What are the prime factors of 31456?
2, 983
List the prime factors of 8276562.
2, 3, 7, 65687
List the prime factors of 370963.
409, 907
What are the prime factors of 9581841?
3, 354883
What are the prime factors of 300136?
2, 37517
What are the prime factors of 1891530?
2, 3, 5, 21017
List the prime factors of 896689.
139, 6451
List the prime factors of 755857.
113, 6689
List the prime factors of 6695472.
2, 3, 7, 19927
What are the prime factors of 5790916?
2, 431, 3359
What are the prime factors of 106904?
2, 7, 23, 83
What are the prime factors of 15993189?
3, 59, 30119
What are the prime factors of 1043706?
2, 3, 197, 883
List the prime factors of 178473.
3, 41, 1451
What are the prime factors of 3363858?
2, 3, 17, 10993
List the prime factors of 298101.
3, 99367
List the prime factors of 76698.
2, 3, 4261
What are the prime factors of 200379?
3, 17, 3929
List the prime factors of 152336.
2, 9521
What are the prime factors of 345337?
151, 2287
List the prime factors of 17607575.
5, 704303
List the prime factors of 477201.
3, 73, 2179
What are the prime factors of 439461?
3, 11, 23, 193
List the prime factors of 3470125.
5, 17, 23, 71
What are the prime factors of 896705?
5, 19, 9439
What are the prime factors of 523826?
2, 43, 6091
What are the prime factors of 212090?
2, 5, 127, 167
List the prime factors of 1168703.
53, 22051
What are the prime factors of 7902076?
2, 7, 13, 17, 1277
List the prime factors of 801901.
37, 21673
List the prime factors of 1015545.
3, 5, 79, 857
List the prime factors of 5700791.
29, 196579
List the prime factors of 12399868.
2, 13, 17, 83
List the prime factors of 3957051.
3, 7, 188431
What are the prime factors of 18714793?
31, 233, 2591
List the prime factors of 5720605.
5, 11, 47, 2213
What are the prime factors of 361815?
3, 5, 24121
What are the prime factors of 84638?
2, 101, 419
What are the prime factors of 835807?
7, 139, 859
What are the prime factors of 243538?
2, 263, 463
What are the prime factors of 2699494?
2, 7, 29, 61, 109
List the prime factors of 29310109.
1049, 27941
What are the prime factors of 4137633?
3, 29, 83, 191
What are the prime factors of 5946061?
11, 157, 313
List the prime factors of 8803242.
2, 3, 7, 1109
List the prime factors of 995911.
7, 17, 8369
What are the prime factors of 968215?
5, 41, 4723
What are the prime factors of 9703250?
2, 5, 37, 1049
What are the prime factors of 2872200?
2, 3, 5, 4787
List the prime factors of 20515142.
2, 2551, 4021
What are the prime factors of 26471502?
2, 3, 37, 13249
List the prime factors of 1789255.
5, 13, 27527
What are the prime factors of 844694?
2, 151, 2797
List the prime factors of 8583784.
2, 11, 23, 4241
List the prime factors of 12488038.
2, 29, 139, 1549
List the prime factors of 905254.
2, 7, 64661
What are the prime factors of 5080600?
2, 5, 7, 19, 191
List the prime factors of 695236.
2, 179, 971
List the prime factors of 812953.
19, 42787
What are the prime factors of 101737?
101737
What are the prime factors of 1196266?
2, 251, 2383
List the prime factors of 729572.
2, 17, 10729
What are the prime factors of 1687542?
2, 3, 19, 113, 131
What are the prime factors of 993127?
151, 6577
What are the prime factors of 445597?
445597
What are the prime factors of 14060179?
7, 709, 2833
What are the prime factors of 3445951?
17, 61, 3323
List the prime factors of 11958695.
5, 7, 19, 367
What are the prime factors of 42362?
2, 59, 359
List the prime factors of 914049.
3, 101561
List the prime factors of 2428084.
2, 109, 5569
What are the prime factors of 232989?
3, 37, 2099
What are the prime factors of 463919?
463919
List the prime factors of 3329222.
2, 13, 128047
List the prime factors of 9474.
2, 3, 1579
List the prime factors of 2262941.
53, 42697
What are the prime factors of 88215?
3, 5, 5881
List the prime factors of 6858915.
3, 5, 7, 65323
List the prime factors of 156765.
3, 5, 7, 1493
List the prime factors of 897441.
3, 299147
List the prime factors of 8287931.
503, 16477
List the prime factors of 355658.
2, 79, 2251
List the prime factors of 192866.
2, 73, 1321
List the prime factors of 150302.
2, 223, 337
What are the prime factors of 1229062?
2, 614531
List the prime factors of 2780194.
2, 19, 23, 3181
What are the prime factors of 383920?
2, 5, 4799
List the prime factors of 1672172.
2, 418043
What are the prime factors of 558898?
2, 113, 2473
List the prime factors of 4508515.
5, 11, 81973
What are the prime factors of 6229419?
3, 7, 31, 1367
What are the prime factors of 30605?
5, 6121
List the prime factors of 12720755.
5, 131, 19421
List the prime factors of 1017081.
3, 13, 8693
What are the prime factors of 1763336?
2, 227, 971
List the prime factors of 2326229.
17, 193, 709
What are the prime factors of 2578952?
2, 31, 10399
List the prime factors of 3265199.
7, 31, 41, 367
List the prime factors of 812999.
11, 6719
What are the prime factors of 10270296?
2, 3, 67, 2129
List the prime factors of 552129.
3, 184043
List the prime factors of 262020.
2, 3, 5, 11, 397
List the prime factors of 242801.
13, 19, 983
What are the prime factors of 630016?
2, 23, 107
List the prime factors of 362861.
109, 3329
List the prime factors of 7790476.
2, 1947619
What are the prime factors of 878482?
2, 11, 73, 547
List the prime factors of 3928387.
347, 11321
List the prime factors of 1913496.
2, 3, 13, 6133
What are the prime factors of 2167373?
13, 29, 5749
List the prime factors of 96523.
7, 13789
List the prime factors of 3390223.
23, 147401
List the prime factors of 1256366.
2, 628183
What are the prime factors of 88242?
2, 3, 7, 11, 191
List the prime factors of 394791.
3, 17, 7741
List the prime factors of 240962.
2, 211, 571
What are the prime factors of 64439?
64439
What are the prime factors of 3351421?
3351421
What are the prime factors of 226016?
2, 7, 1009
List the prime factors of 228977.
7, 4673
List the prime factors of 1582973.
7, 101, 2239
What are the prime factors of 10870086?
2, 3, 1811681
What are the prime factors of 35098?
2, 7, 23, 109
List the prime factors of 12573878.
2, 29, 216791
What are the prime factors of 1784067?
3, 61, 9749
What are the prime factors of 2871881?
2871881
List the prime factors of 578596.
2, 79, 1831
What are the prime factors of 160606?
2, 131, 613
What are the prime factors of 52890?
2, 3, 5, 41, 43
List the prime factors of 752176.
2, 53, 887
List the prime factors of 539556.
2, 3, 44963
List the prime factors of 56707.
7, 8101
List the prime factors of 40953857.
7, 37, 461
List the prime factors of 13040771.
13040771
What are the prime factors of 4566896?
2, 47, 6073
What are the prime factors of 10628631?
3, 13, 107, 283
List the prime factors of 19503461.
113, 172597
List the prime factors of 943672.
2, 117959
What are the prime factors of 1653494?
2, 19, 53, 821
What are the prime factors of 244848?
2, 3, 5101
What are the prime factors of 11598771?
3, 433, 8929
What are the prime factors of 13325376?
2, 3, 69403
List the prime factors of 760103.
760103
List the prime factors of 3665266.
2, 11, 166603
List the prime factors of 15054012.
2, 3, 97, 479
What are the prime factors of 76067?
29, 43, 61
List the prime factors of 17068263.
3, 1259, 4519
List the prime factors of 6374.
2, 3187
What are the prime factors of 114652?
2, 28663
List the prime factors of 302364.
2, 3, 37, 227
List the prime factors of 315348.
2, 3, 11, 2389
What are the prime factors of 2118712?
2, 264839
What are the prime factors of 208334?
2, 7, 23, 647
List the prime factors of 4707162.
2, 3, 261509
List the prime factors of 11650831.
17, 53, 67, 193
What are the prime factors of 3042093?
3, 881, 1151
List the prime factors of 2951728.
2, 13, 23, 617
List the prime factors of 1051525.
5, 42061
What are the prime factors of 204806?
2, 7, 14629
What are the prime factors of 16771997?
11, 47, 32441
What are the prime factors of 15488103?
3, 149, 34649
List the prime factors of 2304990.
2, 3, 5, 8537
List the prime factors of 117063.
3, 13007
What are the prime factors of 2881572?
2, 3, 240131
List the prime factors of 122221.
11, 41, 271
What are the prime 